{"id":94,"date":"2016-10-21T20:07:35","date_gmt":"2016-10-21T18:07:35","guid":{"rendered":"http:\/\/rorup.rocks\/wordpress\/?page_id=94"},"modified":"2025-12-15T15:16:50","modified_gmt":"2025-12-15T14:16:50","slug":"unterstuetzung-und-spenden","status":"publish","type":"page","link":"http:\/\/rorup.rocks\/wordpress\/unterstuetzung-und-spenden\/","title":{"rendered":"Unterst\u00fctzung und Spenden"},"content":{"rendered":"<h4>Sie k\u00f6nnen unseren F\u00f6rderverein unterst\u00fctzen&#8230;<\/h4>\n<p>&nbsp;<\/p>\n<h6>&#8230;durch Ihre Mitgliedschaft<\/h6>\n<p><a href=\"http:\/\/rorup.rocks\/wordpress\/wp-content\/uploads\/2016\/10\/Aufbau-des-Schildes-GFemeinsam-f\u00fcr-Rorup-1.jpg\"><img loading=\"lazy\" decoding=\"async\" class=\"wp-image-163 size-medium alignleft\" src=\"http:\/\/rorup.rocks\/wordpress\/wp-content\/uploads\/2016\/10\/Aufbau-des-Schildes-GFemeinsam-f\u00fcr-Rorup-1-300x197.jpg\" width=\"300\" height=\"197\" srcset=\"http:\/\/rorup.rocks\/wordpress\/wp-content\/uploads\/2016\/10\/Aufbau-des-Schildes-GFemeinsam-f\u00fcr-Rorup-1-300x197.jpg 300w, http:\/\/rorup.rocks\/wordpress\/wp-content\/uploads\/2016\/10\/Aufbau-des-Schildes-GFemeinsam-f\u00fcr-Rorup-1.jpg 500w\" sizes=\"auto, (max-width: 300px) 100vw, 300px\" \/><\/a>Die Beitr\u00e4ge unserer derzeit rund 100 Mitglieder sind die Basis f\u00fcr die Weiterf\u00fchrung der erfolgreichen Arbeit unseres F\u00f6rdervereins. Mit einem kleinen Beitrag k\u00f6nnen Sie in der Gemeinschaft schon viel bewegen.<\/p>\n<p>&nbsp;<\/p>\n<h6>Wer kann Mitglied werden?<\/h6>\n<p>Jeder, der sich mit unserer Grundschule in Rorup verbunden f\u00fchlt, kann die Arbeit des F\u00f6rdervereins durch seinen Beitritt unterst\u00fctzen. Ob sie nur zahlendes Mitglied werden oder auch aktiv mitarbeiten m\u00f6chten, jedes Mitglied ist willkommen!<\/p>\n<p>&nbsp;<\/p>\n<h6>Was kostet die Mitgliedschaft?<\/h6>\n<p>Der Mitgliedsbeitrag ist in seiner H\u00f6he frei w\u00e4hlbar, betr\u00e4gt aber mindestens 12 \u20ac\/Jahr pro Mitglied. Der Verein freut sich selbstverst\u00e4ndlich auch \u00fcber h\u00f6here Beitr\u00e4ge.<\/p>\n<p>Da der F\u00f6rderverein als gemeinn\u00fctzig anerkannt ist, k\u00f6nnen ihre Mitgliedsbeitr\u00e4ge von der Steuer abgesetzt werden.<\/p>\n<p>&nbsp;<\/p>\n<h6>Wie werden Sie Mitglied?<\/h6>\n<p>Nutzen Sie bitte unser <a href=\"http:\/\/rorup.rocks\/wordpress\/beitrittserklaerung\/\" target=\"_blank\" rel=\"noopener noreferrer\">Online-Beitrittsformular<\/a> um Mitglied im F\u00f6rderverein zu werden. Alternativ drucken Sie sich diese\u00a0<a href=\"http:\/\/rorup.rocks\/wordpress\/wp-content\/uploads\/2017\/05\/Beitrittserkl\u00e4rung-FV-Rorup.pdf\" target=\"_blank\" rel=\"noopener noreferrer\">Beitrittserkl\u00e4rung <\/a> aus und geben diese ausgef\u00fcllt und unterschrieben bei der Sparkasse (Herr Michael Buss ist der Kassierer des F\u00f6rdervereins) oder im Schulsekretariat der Grundschule ab.<\/p>\n<p>Sie m\u00f6chten uns gern auf andere Weise unterst\u00fctzen, haben Fragen zu unserer Arbeit oder ein anderes Anliegen? Kontaktieren Sie uns.<\/p>\n<p>&nbsp;<\/p>\n<h6>&#8230;durch eine Spende<\/h6>\n<p>Unser F\u00f6rderverein Marienschule Rorup e. V. ist eingetragen im Vereinsregister (Amtsgericht Coesfeld VR 4286) mit Steuernummer 312\/5837\/0550 beim Finanzamt Coesfeld.<\/p>\n<p>&nbsp;<\/p>\n<h6>Kann ich meine Spende von der Steuer absetzen?<\/h6>\n<p>Ja. Der F\u00f6rderverein ist als gemeinn\u00fctzig anerkannt, so dass Spenden von der Steuer abgesetzt werden k\u00f6nnen. Nutzen Sie hierzu einfach unseren vereinfachten <a href=\"http:\/\/rorup.rocks\/wordpress\/wp-content\/uploads\/2025\/12\/Vereinfachter-Zuwendungsnachweis-fuer-Spenden-unter-300E.pdf\">Zuwendungsnachweis <\/a>f\u00fcr Spenden unter 300 \u20ac, den Sie unter \u201eDownloads und Dokumente\u201c finden.<\/p>\n<p><b><a href=\"http:\/\/rorup.rocks\/wordpress\/wp-content\/uploads\/2016\/10\/elternaktion.jpg\"><img loading=\"lazy\" decoding=\"async\" class=\"alignright wp-image-95 size-medium\" src=\"http:\/\/rorup.rocks\/wordpress\/wp-content\/uploads\/2016\/10\/elternaktion-300x224.jpg\" alt=\"elternaktion\" width=\"300\" height=\"224\" srcset=\"http:\/\/rorup.rocks\/wordpress\/wp-content\/uploads\/2016\/10\/elternaktion-300x224.jpg 300w, http:\/\/rorup.rocks\/wordpress\/wp-content\/uploads\/2016\/10\/elternaktion-600x448.jpg 600w, http:\/\/rorup.rocks\/wordpress\/wp-content\/uploads\/2016\/10\/elternaktion-768x573.jpg 768w, http:\/\/rorup.rocks\/wordpress\/wp-content\/uploads\/2016\/10\/elternaktion.jpg 800w\" sizes=\"auto, (max-width: 300px) 100vw, 300px\" \/><\/a><\/b><\/p>\n<h6>Wie kann ich spenden?<\/h6>\n<p>Spenden Sie einfach durch \u00dcberweisung unter Angabe ihrer kompletten Adresse an folgende Bankverbindung:<\/p>\n<p>&nbsp;<\/p>\n<h6>Bankverbindung:<\/h6>\n<p><b>Sparkasse Westm\u00fcnsterland,<\/b><br \/>\n<b> IBAN: DE91401545300019508803,<\/b><br \/>\n<b> BIC: WELADE3WXXX<\/b><\/p>\n<p>&nbsp;<\/p>\n<h6>&#8230;durch tatkr\u00e4ftige Hilfe bei unseren Aktivit\u00e4ten<\/h6>\n<p>Wir unterst\u00fctzen viele Schulprojekte aktiv und f\u00fchren eigene Initiativen durch, in der Regel auf dem Gel\u00e4nde der Grundschule oder in Rorup. H\u00e4ufig ben\u00f6tigen wir dabei helfende H\u00e4nde.<\/p>\n","protected":false},"excerpt":{"rendered":"<p>Sie k\u00f6nnen unseren F\u00f6rderverein unterst\u00fctzen&#8230; &nbsp; &#8230;durch Ihre Mitgliedschaft Die Beitr\u00e4ge unserer derzeit rund 100 Mitglieder sind die Basis f\u00fcr die Weiterf\u00fchrung der erfolgreichen Arbeit unseres F\u00f6rdervereins. Mit einem kleinen Beitrag k\u00f6nnen Sie in der Gemeinschaft schon viel bewegen. &nbsp;<\/p>\n","protected":false},"author":1,"featured_media":0,"parent":0,"menu_order":0,"comment_status":"closed","ping_status":"closed","template":"","meta":{"footnotes":""},"class_list":["post-94","page","type-page","status-publish","hentry"],"jetpack_sharing_enabled":true,"_links":{"self":[{"href":"http:\/\/rorup.rocks\/wordpress\/wp-json\/wp\/v2\/pages\/94","targetHints":{"allow":["GET"]}}],"collection":[{"href":"http:\/\/rorup.rocks\/wordpress\/wp-json\/wp\/v2\/pages"}],"about":[{"href":"http:\/\/rorup.rocks\/wordpress\/wp-json\/wp\/v2\/types\/page"}],"author":[{"embeddable":true,"href":"http:\/\/rorup.rocks\/wordpress\/wp-json\/wp\/v2\/users\/1"}],"replies":[{"embeddable":true,"href":"http:\/\/rorup.rocks\/wordpress\/wp-json\/wp\/v2\/comments?post=94"}],"version-history":[{"count":36,"href":"http:\/\/rorup.rocks\/wordpress\/wp-json\/wp\/v2\/pages\/94\/revisions"}],"predecessor-version":[{"id":994,"href":"http:\/\/rorup.rocks\/wordpress\/wp-json\/wp\/v2\/pages\/94\/revisions\/994"}],"wp:attachment":[{"href":"http:\/\/rorup.rocks\/wordpress\/wp-json\/wp\/v2\/media?parent=94"}],"curies":[{"name":"wp","href":"https:\/\/api.w.org\/{rel}","templated":true}]}}